 Is (358/5)/((-18)/w) composite?
False
Let h(k) = -520*k - 135. Is h(-32) a composite number?
True
Let d(m) = 781*m**2 - 10*m + 10. Is d(-9) a prime number?
True
Let k = -7327 - -12314. Is k prime?
True
Let v = -2958 - -8057. Is v prime?
True
Suppose -3*l - 8*v + 9*v = -2342, 2*l - 1558 = 4*v. Is l prime?
False
Let j be (18/2)/(7/(-56)). Let q be (-16)/j + (-43)/(-9). Suppose 0 = -i - 2*t + 293, -q*i + t = -917 - 548. Is i a prime number?
True
Let c = 1258 - 47. Is c a composite number?
True
Suppose 61*o - 64*o + 18489 = 3*r, 2*r - 6163 = -o. Is o composite?
False
Suppose y - 5*y = 3*v - 23, 4*v - 16 = 2*y. Suppose -10*q + v*q = -935. Is q composite?
True
Let z(w) = -23*w**3 + 7*w**2 + 6*w + 3. Is z(-2) prime?
False
Suppose 25*h = -12*h + 501757. Is h composite?
True
Suppose -11*r = -6*r + 15. Let u(z) = -2*z**3 - 3*z**2 - z + 5. Is u(r) a composite number?
True
Is 8279 - (8 - 4) - 6 a composite number?
False
Let q = -20 + 274. Let x = 775 - q. Is x composite?
False
Is ((-26)/(-10))/((48/10280)/6) a composite number?
True
Suppose 16*f - 194 = 14894. Is f prime?
False
Let v(c) = -3501*c - 13. Let t be v(-9). Suppose 4*b - 6298 = -g + 3*b, 5*g - b = t. Is g a composite number?
False
Let g(f) = -1824*f**3 - 3*f**2 - f + 1. Let q(h) = -2*h**3 - h - 1. Let v be q(0). Is g(v) a composite number?
False
Suppose -4*b - 35351 = -5*r, 4*r + 4*b - 2*b = 28260. Is r prime?
False
Let g be (-151*4)/((-3)/3). Suppose 5*d = -2*b + 3*b + g, 0 = 4*d - 5*b - 500. Let y = -5 + d. Is y composite?
True
Let t(v) = 4481*v**2 + 14*v - 19. Is t(4) a composite number?
True
Suppose 6*u - 7847910 = -84*u. Is u a composite number?
True
Let m = -4938 + 9329. Is m prime?
True
Let o(m) = 4*m**2 - 17*m + 49. Is o(6) a prime number?
False
Suppose 2*f = -8, 424 = 4*v - 2*f - 2*f. Suppose -2*a = 4*a - v. Let k = a + 5. Is k a composite number?
True
Is -2631*-2*3/18 composite?
False
Let s(n) = 4*n**2 + 2*n - 2. Let r be s(-3). Is 3 + 7/(r/136) a composite number?
False
Let x(q) = q**2 - 3*q - 6. Let y be x(5). Let p = -15 + 20. Suppose 0 = -p*b + 3*c + 105, -b + 3*c - y = -25. Is b a prime number?
False
Let y(m) be the third derivative of m**5/60 - 13*m**4/24 + 19*m**3/6 - m**2. Suppose r + 2 - 7 = 3*l, -4*l - 16 = -2*r. Is y(r) a prime number?
False
Let z = -110 - -2056. Suppose -5*m + z = -744. Suppose 0 = -4*n + 282 + m. Is n prime?
False
Is 1/(-2)*-6 - (-5185 + -1) composite?
False
Let r be 8 + 56 - (-3 + 0). Let w = r - 34. Is w a composite number?
True
Is (6 - 4/4)*3158/10 a composite number?
False
Let l be (3846/3)/(-1)*2/(-4). Suppose -32 - l = -m. Is m a composite number?
False
Let i = 16 - 8. Is 1 + 31*i - -2 a prime number?
True
Let a = -50 - -67. Let q = 42 - a. Is q a composite number?
True
Suppose 0 = -3*j + 2*f - 489, f = -4*j - f - 666. Let s = j + 261. Suppose -d + 469 - s = 0. Is d prime?
True
Let i = 248 - 37. Is i a prime number?
True
Let f = 260 - -412. Suppose 3*i = 5*v + 654, -v = -0*i + 3*i - f. Is i prime?
True
Let y = -9 + 13. Suppose 5*v = -h + 430, -y*v + 4*h = 27 - 347. Is v a prime number?
False
Let m be (0/5)/(2 - 0). Suppose m = 2*b - 208 + 72. Is 8/b + 3003/51 composite?
False
Let u(v) = -2*v - 4. Let i(a) = a - 8. Let h be i(5). Let b be u(h). Suppose 0*z + 230 = b*z. Is z composite?
True
Let p = 129 - 87. Suppose p*v - 44*v + 148 = 0. Is v a prime number?
False
Let j = -31 + 31. Suppose -o + f + 3*f + 831 = j, 4*o = f + 3264. Is o prime?
False
Is (-46*(-6 + 5))/((-6)/(-519)) composite?
True
Is (33 + -30)*(-1 - (-57858)/9) prime?
False
Let x(m) = 11*m**3 + 2*m**2 + 5*m - 4. Suppose 0 = 3*o - 9. Is x(o) prime?
False
Suppose 4*h - 842 + 4 = 2*s, 0 = h + s - 214. Let f = h + -77. Is f composite?
True
Let y(u) = u - 8. Suppose 5*v + 5*r - 38 - 2 = 0, -r - 52 = -4*v. Let b be y(v). Suppose 0*z + b*z - 3*w - 1030 = 0, z - 249 = 5*w. Is z composite?
True
Is 9099/12 + 5/(-4) a composite number?
False
Is 6/(-15)*69145*(-4)/8 prime?
True
Suppose -2*i = n + 179 - 427, 4*n = -4*i + 496. Suppose m + i = 5*m. Is m a prime number?
True
Let s(h) = 112*h + 131. Is s(20) a composite number?
False
Let k(x) = 145*x + 11. Is k(3) a prime number?
False
Is 1*(7 - (-5751 - -11)) a prime number?
False
Suppose 0 = -m, 4*m - 28 = -4*n - 0*m. Let t(h) = 30*h + 9. Is t(n) a composite number?
True
Let z = -27 - -18. Let g(j) = -216*j**2 - 2*j + 3. Let n(h) = -863*h**2 - 9*h + 13. Let y(x) = z*g(x) + 2*n(x). Is y(-1) composite?
True
Let f = 2079 - 358. Is f a prime number?
True
Suppose 3*a + 118330 = 5*n, -3*a = 3*n + n - 94637. Is n composite?
False
Suppose v + 3*v + 4 = 0, 4*h - 8 = -4*v. Suppose 4*b + m - 594 = 0, -h*b - m = 56 - 501. Is b a composite number?
False
Is 5*1/5*(25623 - 2) a composite number?
False
Suppose 9*l = 10*l + 5. Let r = 38 + l. Let y = 52 - r. Is y a prime number?
True
Let z = -182 + 265. Suppose 19 = 3*m - z. Is m prime?
False
Let d = -50 + 55. Let h(z) be the third derivative of z**6/120 - z**5/20 + z**3/6 + z**2. Is h(d) composite?
True
Suppose 0 = 4*n + 20 - 260. Let l = 177 + n. Let r = 646 - l. Is r a prime number?
True
Let j(y) = 53*y**2 + y + 5. Let o be j(-5). Suppose -3*f + 8035 = 259. Let r = f - o. Is r a prime number?
False
Let f = 41 + -24. Suppose 0 = -3*c - 5 + f. Suppose 149 = u + 4*y, -104 + 402 = 2*u + c*y. Is u a prime number?
True
Let n(x) = x**3 + 5*x**2 - 5*x + 10. Suppose -q - 4*g + 34 = 2*q, 2*q - 3*g = 0. Suppose 5*u = -2*w - 25, -q*u + 4*w = -u + 25. Is n(u) prime?
False
Let k(b) = 2*b + 4. Let t be k(7). Suppose c - 2*d + 2 = 0, c + 0*c - t = -3*d. Suppose c*i = 4*i + 338. Is i a composite number?
True
Is (-3 + 4/2)/(1/(-4703)) composite?
False
Let z(q) = q**3 + 6*q**2 + q + 8. Let h be z(-6). Suppose b + 1011 = 5*g, 2*g = -3*b + h*b + 410. Is g a prime number?
False
Let l(w) = w**2 + 12*w. Let s be l(-12). Suppose 0*q + u = q - 1119, -5*q - 3*u + 5595 = s. Is q a prime number?
False
Suppose -4*w = -4*i - 36, 2*i - 3*w = -6*w - 3. Let h be (7 + i)/(1*-1). Is 1308/9 + h/3 a prime number?
False
Let r = 12 - 4. Let p be 4804/r*2 + 1. Suppose -3267 + p = -5*i. Is i composite?
True
Let o(a) = a**3 + 19*a**2 - 3*a - 24. Let u(q) = 10*q**2 - q - 12. Let x(f) = -3*o(f) + 5*u(f). Let g be x(-8). Suppose g = 4*z - 0*z. Is z prime?
False
Let f(p) = 210*p - 16. Let u be f(2). Let q = u + -15. Is q composite?
False
Let b = 6925 + -3852. Is b a prime number?
False
Suppose 5*l - 22 = k, -3*l + 2*l - 10 = -5*k. Suppose -4*x - r = 235, 7*x - 4*x = -l*r - 155. Let d = 154 + x. Is d prime?
False
Let y be 14/(0 + -2) - 1. Let b = y + 45. Let m = b - -18. Is m a composite number?
True
Let b(x) = -x**2 - 9*x - 11. Let p be b(-2). Suppose 3*q + p*o = 267, -5*o = -3*q - 6*o + 263. Is q a prime number?
False
Let v be (-14)/8 + 5/(-20). Let h(t) = 129*t**2 - 4*t - 6. Let n be h(v). Let z = n + -301. Is z prime?
False
Let y = 1428 + -3063. Let m = -1166 - y. Is m a composite number?
True
Let p(g) be the third derivative of 2*g**5/15 - 7*g**4/24 + 8*g**3/3 + 3*g**2. Is p(3) prime?
True
Suppose -3 = -d - 4*x + 3, 5 = d + 3*x. Let q(l) = -275 - 3*l + l + 74*l**2 + 274 + l. Is q(d) composite?
False
Let n(x) = 153*x - 19. Suppose 6 = 24*o - 21*o. Is n(o) a prime number?
False
Let h be (-1376)/(-3) - 20/12. Let l = h - 188. Is l composite?
False
Suppose 0 = -34*c + 39*c - 20. Suppose 8*t - 6235 = 3*t + 5*g, -c*t + 4988 = -3*g. Is t prime?
False
Let m(v) = 44*v**2 - 6*v - 9. Let b(t) = -t**2 + 7*t + 23. Let x be b(9). Is m(x) prime?
True
Let u = 657 - 176. Suppose -4*k = -3*k - u. Is k a prime number?
False
Let t(m) = -m**3 + 24*m**2 + 11*m + 6. Let u be t(8). Suppose -2*o + u = -456. Is o prime?
True
Suppose -2*k = -0 - 8. Suppose -u + k*o + 850 = -0*o, 5*u = 5*o + 4325. Is u/8 - 1/(-4) a prime number?
True
Suppose 3*n = 22*n - 22211. Suppose -4*y = -2*a + 2678, a - n = -3*y + 180. Is a prime?
False
Suppose 25*y = 20*y + 990. Let j = y - -355. Is j a composite number?
True
Let q be (-20)/5 - -6 - (1 - 0). Is q*(-879)/6*-2 composite?
False
Let r = -29 + 34. Suppose 6*z - 163 = 3*z - r*h, -4*z + 202 = -h. Is z a prime number?
False
Suppose -29 - 27 = -14*b. Suppose 5*n + 2239 - 40 = b*o, -4*o - 3*n = -2207. Is o composite?
True
Let r = 36 + -313. Let v = r - -60. Is 0 + (-8)/(-2) - v a composite number?
True
Let o(q) = 380*q**2 + 10*q + 55. Is o(-5) a pri